2 - 19*c - 5. Let w be b(-1). Let f = w + i. Let h(x) = x**3 + 3*x**2 - 5*x. Give h(f).
4
Let c(a) = -a**3 + 4*a**2 + 7*a + 4. Let m be c(-3). Let s(x) = -x**2 + 3*x - m - x + 47. Give s(4).
-7
Let h be (-2)/48*4 + (-476)/168. Let q(t) = 8*t**2 + 3*t + 7. Calculate q(h).
70
Let b = -168 + 171. Let y(i) = -i**3 + 15*i - 10. Let t be y(b). Let d(n) = -2*n + 13. What is d(t)?
-3
Let w(u) = -2*u + 5. Let r be (6 - 1)*((-105)/(-25) - 4). Let t be w(r). Let x(g) = g - 2 - 2 - 4 + t. Determine x(0).
-5
Let z = -8844 - -8844. Let r(x) = -x**3 - x**2 + 3*x - 7. What is r(z)?
-7
Let p(l) = -2*l + 15. Suppose 3*c + 24 = -21. Let n be c/(-2) + -3*6/(-36). Let g be p(n). Let x(y) = 8*y**3 + 2*y**2 - 1. Determine x(g).
-7
Suppose -w - 2*w = -w. Suppose w = 4*x - q - 44, -q + 4*q = x - 22. Suppose 2*y + 5*k = -2*y - 19, 5*y - x = 5*k. Let n(g) = 17*g + 1. Calculate n(y).
-16
Let w(z) be the third derivative of z**4/12 + 13*z**3/6 + 962*z**2. Give w(-11).
-9
Let i(c) = -8*c**2 + 31*c + 75. Let h = 269 + -264. Let n(p) = 13*p**2 - 47*p - 113. Let v(x) = h*n(x) + 8*i(x). Determine v(-10).
5
Let l = 661 - 667. Let f(h) = -4 - 10*h - 2 - 5 + 3. Give f(l).
52
Let u(d) = 2*d. Let n be 3/((8/(-528))/(4/(-18))). Suppose -n + 68 = 4*p. Suppose -2*w + 7 = -5*a - w, 2*a = 2*w - p. What is u(a)?
-2
Let s(f) be the second derivative of f**8/6720 - f**7/420 - f**6/90 - 7*f**5/120 + f**4/3 - 4*f. Let o(z) be the third derivative of s(z). Give o(7).
-14
Let u(q) be the first derivative of -q**4/2 + 2*q**3 + 3*q**2 + 2*q - 24. Determine u(5).
-68
Let g(y) = 3*y**3 + 25*y**2 + 4*y - 12. Let q be 2/20 - (365 + -203)*1/20. Give g(q).
20
Let b = -2 + 6. Let o(n) = -102. Let i(s) = 1. Let j(x) = 85*i(x) + o(x). Let g(w) = -w - 30. Let y(z) = 4*g(z) - 7*j(z). Determine y(b).
-17
Let d = -2234 + 2227. Let n(b) = -b**3 - 9*b**2 - 11*b - 15. Give n(d).
-36
Let d(a) be the first derivative of -10*a - 26 + 1/3*a**3 - 6*a**2. Determine d(13).
3
Let v(k) = k**2 - 9*k + 2. Let s be v(8). Let g = 336 + -332. Let i(c) = -1 - g - 3 + 0 + 4*c + c**2. What is i(s)?
4
Let y be ((-4 - -2) + (-3)/(-3))*-10. Suppose 74 = 16*l + y. Let g(n) = n**3 - 3*n**2 - 7*n + 6. Determine g(l).
-6
Suppose 3*y = -8121 + 8127. Let n(k) = -8*k**2 + 12*k + 1. Give n(y).
-7
Let m(h) be the second derivative of 11*h**4/12 - 11*h**3/6 - 18*h**2 + 49*h + 2. Let a(q) = 4*q**2 - 4*q - 12. Let i(j) = 8*a(j) - 3*m(j). Determine i(5).
-8
Let j(r) = -r**3 + 5*r**2 - r + 2. Suppose 2*t + 26 = -7*q + 2*q, 4*t = -4*q - 64. Let d be 19/5 + (t/(-15) - 1). Calculate j(d).
14
Suppose -2*i + f + 9 = 0, 2*i - 4 + 5 = -f. Let l(o) = 5*o**i + 3 - 2*o**3 + 3*o**3 - 4 + 3*o + 0*o. Give l(-4).
3
Let w(a) be the first derivative of a**6/360 - 7*a**5/120 - 11*a**4/24 - 2*a**3/3 - a**2/2 - 55. Let n(p) be the third derivative of w(p). What is n(8)?
-3
Let i(j) be the third derivative of j**6/120 + j**5/15 - j**4/6 - j**3/3 - 192*j**2 + 3*j. Give i(-5).
-7
Let m be -2 + (-10)/(-4)*2. Let j(v) = 3*v - 173. Let t(y) = 6*y - 379. Let u(k) = -11*j(k) + 5*t(k). Calculate u(m).
-1
Let q(h) = h**2 + 8*h + 12. Suppose 87*o + 285 = -2*o - 71. What is q(o)?
-4
Let a(r) = -r**2 + r. Let t(x) = -10*x + 93. Let q be t(8). Suppose 127 - 101 = q*f. Determine a(f).
-2
Let t(y) = 17 + 8 - 682*y + 684*y. What is t(-6)?
13
Let v(c) = 3*c**2 - 7*c + 12. Suppose -2*d = 2*l - 8, 0 = -2*l - 105*d + 107*d + 16. What is v(l)?
78
Let w(q) = -13 - 2*q**2 + 3*q**2 - 4*q**2 + 12 - 11*q + 14. Determine w(-5).
-7
Let z = 15 + -6. Suppose 3*n - z = -0*n. Let m(h) = -944*h**3 - 3*h**2 + 1890*h**3 - 5*h - 945*h**3 + 7 - 3. Determine m(n).
-11
Let d be (-2 + (-3)/(-2))/((-25)/(-250)). Let m(i) = 4*i + 21. Calculate m(d).
1
Suppose -4337 - 663 = -125*r. Let g(n) = -13*n + 522. Give g(r).
2
Let u(n) = -n**2 + 33*n - 40. Let l = 17566 - 17533. Give u(l).
-40
Let k(j) = -j**2 - 3*j - 4. Suppose -8*m = 59 + 5. Let w be m/(-2) + (3 - 2). Suppose -3*i - 19 = w*q, -5*i = -2*i - q + 7. Determine k(i).
-4
Let k(y) = -3*y + 2. Let g(a) = -4*a - 14 + 0*a + 3*a + 2. Let d(u) = 6*u + 59. Let o(l) = 2*d(l) + 11*g(l). Let i be o(8). Calculate k(i).
20
Suppose -3*h = h + 28. Let k(f) be the first derivative of -f + 76 - 1/3*f**3 - 7/2*f**2. Give k(h).
-1
Suppose -10*t + 66 = -7*t. Suppose 4*q + t - 98 = 0. Suppose -7*c - 24 = -q*c. Let f(u) = -u**2. Give f(c).
-4
Suppose -4*f + 5 + 7 = -4*a, -3*f + 4*a + 10 = 0. Let h be 4/(52/12 - 3). Let u(l) = -28*l**2 + 1 + l - l**h + 30*l**2 - 3*l. Give u(f).
-3
Let p(n) = 7*n + 134. Suppose 3*g - 11*v + 51 = -14*v, 2*v = 5*g + 92. Calculate p(g).
8
Let r(q) = 4*q**3 + 13*q**2 - 7*q + 18. Let k be (-3 - 2) + (-5 - -5). Let f(m) = 5*m**3 + 14*m**2 - 7*m + 20. Let b(p) = k*f(p) + 6*r(p). Determine b(7).
8
Let x(p) = p**3 + 7*p**2 + 2*p - 8. Let j = -262 + 259. Let k be -1*(6/2 - j)*1. Determine x(k).
16
Let d(t) be the second derivative of t**5/20 - 5*t**4/12 - 2*t**3/3 - t**2 + 7*t - 50. Give d(4).
-34
Let f(m) = 73*m + 13*m + 16 + 41*m**2 - m**3 + 10 - 14 - 14. Calculate f(43).
-2
Let l(z) = 11*z + 1. Let c(g) = 5*g. Let m(t) = -9*c(t) + 4*l(t). Give m(6).
-2
Suppose -s - 4*r - 9 = -0*r, -2*r = 2*s. Let g(o) = o - 3 + s - 4 + 5. Suppose -67*i + 621 - 85 = 0. Determine g(i).
9
Suppose -4*x = -6*x - 4*g + 60, -5*g + 25 = 0. Suppose 148 = x*i - 12. Let j(v) = -v**2 + 6*v + 8. Determine j(i).
-8
Let x = -1448 + 1445. Let f(j) = 5*j. Give f(x).
-15
Let i be 3034/(-410) - (-6)/15. Let r(m) = 3*m + 26. Calculate r(i).
5
Let r(y) be the first derivative of y**4/4 + 5*y**3/3 - y**2 - y - 3976. What is r(-3)?
23
Let q(s) = s - 11. Let m(c) = 13 - 1330*c + 1324*c - 3. Let n be m(3). What is q(n)?
-19
Let x(h) = -2*h. Let t be ((-12)/9)/((-4)/12). Suppose -25 + 5 = -t*z - 4*j, z - 4*j + 5 = 0. Suppose -3*m - z*n + 20 = -7*m, 2*n = 8. What is x(m)?
4
Let l be 294/210 - 3/(-5). Suppose -2 = -b + 5*u, -l*u - 4 - 4 = 2*b. Let i(g) = 3*g - 2. What is i(b)?
-11
Let y(s) = -8*s + 13. Let d(o) = 7*o - 12. Let k(t) = 4*d(t) + 3*y(t). Let w(a) = -7*a + 20. Let r(b) = 5*k(b) + 2*w(b). Determine r(1).
1
Let u(g) = 50 - 49 + g**2 - 3*g**2 - 7*g + 0*g**2 + g**2. Give u(-8).
-7
Let f = -483 + 532. Let l(i) = f + i + i**3 - 25 - 7*i**2 - 25. Calculate l(6).
-31
Let p(l) be the second derivative of l**3/6 - 7*l**2 + 2*l. Suppose -2*q - 6 = -c, 4*q + 8 = 24. What is p(c)?
0
Suppose -5*u + 3*g + 17 = 0, -23 = -3*u + 4*g - 4. Let t(j) = 31*j + 2*j**2 + 1 - 22*j**2 + 3*j**2 - 5*j - 14*j - 14*j. Give t(u).
-18
Let z(c) = -10*c**3 + 58*c**2 - 51*c + 34. Let q(i) = -7*i**3 + 39*i**2 - 34*i + 23. Let u(s) = -7*q(s) + 5*z(s). Determine u(16).
-7
Let w(u) = 6*u + 8*u - 20*u + 8*u - 23 + 6*u. Determine w(10).
57
Let i be (20/30)/((-4)/6). Let n be 3/(-4 + 2 + 3). Let u(z) = -42*z**3 + z**2 + 0*z**2 + 85*z**3 - 42*z**n - 1. Determine u(i).
-1
Let c(f) = -f**3 - 7*f**2 - 4*f + 7. Let w(m) = m**2 + 8*m - 108. Let s be w(-15). Let j be s + (-12)/(-3) - 14/2. Give c(j).
-5
Let n(l) = -3*l - 8. Suppose -5*o = -2*q + 2, 7 + 9 = 3*q - o. Let d(s) = -5*s + 5 + 1 + s**2 - s + 0. Let h be d(q). Determine n(h).
-26
Let y(a) = -a - 4. Suppose 6*c = 16 + 2. Suppose -12*r = 4*m - 8*r + 12, -c*m - 3 = 5*r. Calculate y(m).
2
Let w(a) = 2*a**2 - 13*a + 10. Let p be ((-69)/(-9) + -8)*-18. Calculate w(p).
4
Suppose 2 = -q + 3*q. Let f(s) be the first derivative of -s**3/3 + s**2/2 - s + 32. Let r(t) = -2*t**2 + 3*t - 2. Let k(w) = -3*f(w) + r(w). Give k(q).
2
Let o(y) = -2 - y + 3 - 2. Let r = -678 - -688. Let h(x) = x**2 + 11*x - 210. Let k be h(r). Give o(k).
-1
Let p(u) = -2*u + 26. Let d(m) = 12*m + 560. Let i be d(-46). Give p(i).
10
Let l(f) = 159 + 29 + 1803*f - 31 - 1839*f. Determine l(4).
13
Let g(l) = -10*l**2 - 68*l - 9. Let h(q) = -3*q**2 - 21*q + 1. Let v(t) = g(t) - 3*h(t). What is v(-6)?
-18
Let v be 11*-2*(2/(-6) - (-7)/(-42)). Let l(f) be the second derivative of -f**3/2 + 5*f**2/2 - f. What is l(v)?
-28
Let b(a) = a**3 + 4*a**2 - 3*a + 5. Let f = -11 + 9. Let h be f - -28 - 10/(-2). Let z = h + -36. What is b(z)?
-5
Let p(u) = -5*u + 45. Let k be p(-7). Let h be (-1)/2*k/(-5). Suppose 0 = -h*m + 7 - 39. Let i(w) = -w**2 - 3*w - 3. What is i(m)?
-7
Let t(c) be the third derivative of c**5/60 + 2*c**4/3 + 37*c**3/6 - 86*c**2 + 2. Determine t(-16).
37
Let j(k) = -k + 2. Suppose -3*w + 4*w = -3*